rue
Is 49451 a prime number?
True
Is 2045 prime?
False
Is 2767 prime?
True
Is 25147 a composite number?
False
Is 517 composite?
True
Is 351613 composite?
True
Is 73913 a prime number?
False
Is 93307 a composite number?
False
Is 82129 prime?
True
Is 55291 a prime number?
True
Is 47381 a prime number?
True
Is 63907 prime?
True
Is 775906 composite?
True
Is 830087 a composite number?
True
Is 9109 a composite number?
False
Is 320531 prime?
False
Is 104943 a composite number?
True
Is 2521 a prime number?
True
Is 390869 a composite number?
False
Is 8391 a prime number?
False
Is 3946123 prime?
True
Is 26099 a composite number?
False
Is 1048837 a composite number?
False
Is 911 a prime number?
True
Is 14611 a prime number?
False
Is 48179 composite?
False
Is 15305 prime?
False
Is 62209 prime?
False
Is 17900335 composite?
True
Is 14849 composite?
True
Is 376303 a prime number?
False
Is 2453159 composite?
False
Is 21943 prime?
True
Is 3403 a composite number?
True
Is 17453 prime?
False
Is 74653 a composite number?
False
Is 1771963 composite?
False
Is 7609 composite?
True
Is 132013 composite?
True
Is 808581 prime?
False
Is 338223 a composite number?
True
Is 409018 prime?
False
Is 549109 a composite number?
True
Is 128633 a prime number?
False
Is 2813 a composite number?
True
Is 4201 a composite number?
False
Is 5173 a prime number?
False
Is 482269 prime?
False
Is 24673 composite?
True
Is 2983 a prime number?
False
Is 4871 a composite number?
False
Is 2809 composite?
True
Is 28151 prime?
True
Is 11027 a prime number?
True
Is 1217747 composite?
True
Is 4073435 composite?
True
Is 365249 a prime number?
True
Is 31547 a prime number?
True
Is 159379 prime?
False
Is 1439921 prime?
False
Is 408197 prime?
True
Is 1047929 a composite number?
False
Is 271333 a prime number?
True
Is 334447 prime?
True
Is 561703 composite?
False
Is 25393 a composite number?
True
Is 110335 prime?
False
Is 404321 a composite number?
False
Is 42719 a prime number?
True
Is 17461 a composite number?
True
Is 7393 a prime number?
True
Is 7393 composite?
False
Is 785413 a composite number?
False
Is 822773 a composite number?
True
Is 362451 a prime number?
False
Is 4741 composite?
True
Is 296903 a composite number?
True
Is 65447 a prime number?
True
Is 91121 prime?
True
Is 19967 a composite number?
True
Is 5191 composite?
True
Is 2901 prime?
False
Is 254699 prime?
True
Is 495746 a prime number?
False
Is 595687 a prime number?
True
Is 93529 a composite number?
False
Is 139007 a composite number?
True
Is 68507 composite?
False
Is 673 composite?
False
Is 115339 a prime number?
False
Is 68674 a prime number?
False
Is 735793 a composite number?
True
Is 12143 composite?
False
Is 60877 composite?
True
Is 785 composite?
True
Is 405659 prime?
True
Is 23093 composite?
True
Is 90631 a composite number?
False
Is 34421 a composite number?
False
Is 436181 a composite number?
False
Is 919 prime?
True
Is 1854509 composite?
True
Is 40505 a prime number?
False
Is 86111 prime?
True
Is 57991 a prime number?
True
Is 883 a prime number?
True
Is 5065 a composite number?
True
Is 1923 composite?
True
Is 27239 a prime number?
True
Is 81053 prime?
False
Is 13589 a composite number?
True
Is 146255 a composite number?
True
Is 1059293 prime?
True
Is 5257 a prime number?
False
Is 454787 a composite number?
True
Is 442319 a prime number?
True
Is 21031 a prime number?
True
Is 14921 prime?
False
Is 13139 a composite number?
True
Is 1423753 prime?
True
Is 99661 a prime number?
True
Is 224831 composite?
False
Is 209822 composite?
True
Is 305999 a composite number?
False
Is 979511 a composite number?
True
Is 1046761 prime?
False
Is 35021 a composite number?
True
Is 129527 prime?
True
Is 1538353 a prime number?
True
Is 3809 a prime number?
False
Is 487049 a composite number?
False
Is 11411 composite?
False
Is 1019329 a prime number?
True
Is 997613 composite?
True
Is 12343 a composite number?
False
Is 1008659 a prime number?
True
Is 16603 a prime number?
True
Is 1559 a prime number?
True
Is 160117 composite?
False
Is 113803 a prime number?
False
Is 2629 a prime number?
False
Is 4573 a composite number?
True
Is 96783 a prime number?
False
Is 98521 a prime number?
False
Is 1000955 a prime number?
False
Is 18743 a prime number?
True
Is 42739 a composite number?
True
Is 14621 composite?
False
Is 724393 prime?
True
Is 141179 a prime number?
True
Is 35755 prime?
False
Is 67819 a composite number?
False
Is 4097 a prime number?
False
Is 349787 a prime number?
True
Is 312023 a composite number?
False
Is 608011 a prime number?
True
Is 447383 prime?
False
Is 4609 a prime number?
False
Is 163133 a composite number?
True
Is 2307 a composite number?
True
Is 2411 composite?
False
Is 104035 a prime number?
False
Is 566047 a prime number?
True
Is 386609 composite?
False
Is 77731 a composite number?
False
Is 389 prime?
True
Is 81611 a composite number?
False
Is 14453 composite?
True
Is 52249 prime?
True
Is 21178 a composite number?
True
Is 39269 prime?
False
Is 55387 composite?
True
Is 5755 a prime number?
False
Is 97133 prime?
False
Is 824597 a composite number?
True
Is 474087 prime?
False
Is 583 prime?
False
Is 145913 a composite number?
True
Is 294917 prime?
False
Is 1410763 composite?
True
Is 10519 a prime number?
False
Is 331 a prime number?
True
Is 16391 prime?
False
Is 664423 composite?
True
Is 62177 composite?
True
Is 1022545 a composite number?
True
Is 1096187 prime?
False
Is 21055 composite?
True
Is 4009 composite?
True
Is 587 prime?
True
Is 779081 a prime number?
True
Is 14431 a composite number?
False
Is 60859 prime?
True
Is 107501 a composite number?
True
Is 49447 composite?
True
Is 2179 a prime number?
True
Is 10213 composite?
True
Is 37841 a composite number?
True
Is 19207 prime?
True
Is 59035 prime?
False
Is 568129 a prime number?
False
Is 168317 a composite number?
True
Is 205921 a composite number?
True
Is 28481 composite?
True
Is 34667 composite?
False
Is 9103 a prime number?
True
Is 29769 a prime number?
False
Is 369169 a composite number?
False
Is 679253 composite?
True
Is 1064746 a composite number?
True
Is 514621 composite?
False
Is 9713 prime?
False
Is 35897 prime?
True
Is 905653 prime?
False
Is 17371 a composite number?
True
Is 107599 a composite number?
False
Is 4421 a prime number?
True
Is 1973591 a prime number?
True
Is 43685 prime?
False
Is 6731 a composite number?
True
Is 151273 prime?
True
Is 38177 composite?
False
Is 17863 a composite number?
False
Is 5227 prime?
True
Is 10841 a composite number?
True
Is 48593 prime?
True
Is 481183 composite?
True
Is 355951 composite?
False
Is 72817 prime?
True
Is 4103 composite?
True
Is 4889 composite?
False
Is 48493 prime?
False
Is 840539 a composite number?
True
Is 15503 a prime number?
False
Is 136039 a composite number?
True
Is 70519 composite?
True
Is 233159 prime?
True
Is 20407 prime?
True
Is 53681 composite?
False
Is 44015 a composite number?
True
Is 19347 composite?
True
Is 39265 a composite number?
True
Is 128813 composite?
False
Is 23599 a composite number?
False
Is 105751 composite?
False
Is 98446 composite?
True
Is 84338 a composite number?
True
Is 23951 composite?
True
Is 4637 prime?
True
Is 1536527 prime?
True
Is 26749 composite?
True
Is 1646 a prime number?
False
Is 171634 prime?
False
Is 50357 prime?
False
Is 2467 prime?
True
Is 72587 composite?
True
Is 34063 a composite number?
True
Is 5221 a composite number?
True
Is 5539 a prime number?
False
Is 10007 prime?
True
Is 513977 a prime number?
True
Is 156887 a prime number?
True
Is 61121 a composite number?
False
Is 394453 prime?
True
Is 1307417 a composite number?
False
Is 391633 prime?
False
Is 1261 a composite number?
True
Is 119558 a composite number?
True
Is 44881 a composite number?
True
Is 472499 a composite number?
True
Is 24659 composite?
False
Is 7639 prime?
True
Is 472522 a composite number?
True
Is 190061 composite?
True
Is 40879 a prime number?
True
Is 9533 composite?
False
Is 1534289 a prime number?
True
Is 756029 a prime number?
False
Is 2157 a composite number?
True
Is 34807 a composite number?
False
Is 43457 prime?
True
Is 47015 a prime number?
False
Is 74747 prime?
True
Is 15767 a prime number?
True
Is 46195 a prime number?
False
Is 734 a prime number?
False
Is 108743 composite?
True
Is 22691 compos